 by n.
15
Suppose -3*i = 3, 3*z + i = 8 + 3. Suppose z*m - 73 - 47 = 0. What is the remainder when m is divided by 11?
8
Let r be (-6)/4*4 - 0. Let w be 1*r*7/(-21). Suppose c = -w*t + 29, 6*c = 3*c - 3*t + 78. What is the remainder when c is divided by 13?
10
Let a be (15/10)/((-2)/(-4)). Let f(g) = 3*g**2 - 3*g - 3. Calculate the remainder when f(a) is divided by 5.
0
Calculate the remainder when (-6)/(-16) - 8325/(-72) is divided by 17.
14
Let d(o) = -o**2 - 2*o + 4. Let f be d(0). Suppose 133 = 11*z - f*z. Calculate the remainder when 50 is divided by z.
12
Let i(a) = -34 - 5*a + 25 + 17 + a**2. What is the remainder when i(-6) is divided by 19?
17
Let b(w) = -25*w**3 - 3*w**2 + 3*w - 2. Let n(z) = -37*z**3 - 4*z**2 + 4*z - 3. Let t(h) = -7*b(h) + 5*n(h). What is the remainder when t(-1) is divided by 6?
5
Let o be -12*((-3)/(-6) + 0). Let z be 45*2/o*-5. Suppose 8*q = 3*q + z. Calculate the remainder when 57 is divided by q.
12
Let h be (-2 - 0)/(14/28). Let s be 12/8 + (-54)/h. Suppose 3*l = 4*l - s. Calculate the remainder when 28 is divided by l.
13
Let u = -103 - -377. What is the remainder when u is divided by 104?
66
Let g = 37 - 12. Suppose 2*i - 12 + 4 = 0. What is the remainder when g is divided by 6*(-2)/i + 10?
4
Suppose -3*w - 2*p = -23, w + 5*p = -2*w + 17. Suppose 4*g - 29 = -5*n, -2*g + 0 = -n + 3. Calculate the remainder when w is divided by n.
4
Let j = -456 + 114. Calculate the remainder when (j/(-72))/(2/8) is divided by 5.
4
Let k = -1576 + 1613. What is the remainder when k is divided by 19?
18
Let k be (-8)/3*3/(-2). Suppose 2*l = -k*m - 54, 2*l + 53 = -2*l + 3*m. Let c = -9 - l. What is the remainder when 13 is divided by c?
5
Suppose 28*g - 9*g = 152. Suppose -2*a + 110 = 3*a. What is the remainder when a is divided by g?
6
Let d(v) = -v**2 - 21*v - 53. Let x(b) = 16*b**3 + b**2 - b - 2. Let y be x(-1). What is the remainder when 98 is divided by d(y)?
17
Let m = -1136 + 1462. What is the remainder when m is divided by 109?
108
Let y(c) be the third derivative of -c**5/60 + c**4/8 - 2*c**3/3 + 9*c**2. Let m be y(2). Let p = 21 + m. What is the remainder when 75 is divided by p?
18
Let c = 2 + 1. Suppose -5*a + c*r + 25 = 0, r - 3*r = 10. What is the remainder when 31 is divided by 1 - (a - 0) - -9?
7
Let z = 379 + -228. Let y = z + -89. Suppose d = h + 18, 3*h + 5 + 1 = 0. Calculate the remainder when y is divided by d.
14
Let q = 117 - 61. Suppose -2*o + 5*o = -18. Let i(a) = -4*a - 5. Calculate the remainder when q is divided by i(o).
18
Let m = -153 - -171. Calculate the remainder when 19 is divided by m.
1
Suppose -b - 8 = 2*x, -4*b = -x - 2 - 11. Suppose -3*s - 4*k - 2 = 0, -k + 6 = -2*s - 10. Calculate the remainder when b is divided by (3/(-2))/(s/(-16)*-4).
0
Let q = 195 - 122. Suppose 65 = 3*x - y, -3*x - y + q = -6*y. What is the remainder when (4 - 2)*41/2 is divided by x?
20
Let h(q) = q**2 - q - 1. Let i(z) = -z**2 + 5*z + 5. Let o(f) = 3*h(f) + i(f). What is the remainder when o(-3) is divided by 132/30 - 3/(-5)?
4
Suppose 5*c - 33 = g, -4*c - 49 = 3*g + 2*g. Let t = g - -30. What is the remainder when 62 is divided by t?
11
Let a = 35 - 18. Let j = -2 + -6. Calculate the remainder when ((-132)/16)/(1/j) is divided by a.
15
Let r = 2012 + -1715. What is the remainder when r is divided by 13?
11
Suppose 2*o - s - 2 = o, o + s = 4. Suppose -3*x = 12, 34 = 2*n - 6*x + o*x. What is the remainder when 19 is divided by n?
8
What is the remainder when 26 is divided by (-3 - -1)*(-133)/38?
5
Let y = -7 - -12. Suppose 9*t - y*t = 16. Suppose -3*g = t*i - 47, 4*g - 31 = -i + 2*i. What is the remainder when 24 is divided by g?
6
Let i = 1194 + -1162. Calculate the remainder when 46 is divided by i.
14
Calculate the remainder when 62 is divided by (4 - 1) + -6*492/(-72).
18
Let t(j) = j**3 + 4*j**2 - 3*j - 6. What is the remainder when (108/(-10))/(4/(-10)) is divided by t(-4)?
3
Let o(t) = 4 - 10*t - 2 + t - 6*t. What is the remainder when 101 is divided by o(-1)?
16
Suppose 3*d = -2*x + 3*x - 26, 0 = -4*x - 3*d + 59. Calculate the remainder when 63 is divided by x.
12
Let u(r) = 2*r**2 - 107*r + 117. Calculate the remainder when 173 is divided by u(53).
45
Let p = -19 - -22. Let g be (6/(-5))/(p/60). What is the remainder when 16 is divided by (25/10)/((-10)/g)?
4
Let q = 52 - 31. Let w(u) = 12*u**2 + 530*u - 1600. Calculate the remainder when w(3) is divided by q.
14
Let z be (572/(-6))/(11/33). Let t = z - -309. What is the remainder when 213/5 - (-4)/10 is divided by t?
20
Suppose 26*p + 5*a = 25*p + 253, 4*p - 5*a - 962 = 0. Calculate the remainder when p is divided by 49.
47
Let x = 21 + 73. What is the remainder when x is divided by 56?
38
Let o = -2 - -10. Let d = -4 + o. Let r = 8369 - 8358. What is the remainder when r is divided by d?
3
Suppose 0 = -5*x + 19 - 24. Let p be 4 + 1 + 1/x. Suppose 5*t - 55 - 43 = -p*q, 3*t = -6. What is the remainder when q is divided by 6?
3
Suppose l + 3 - 6 = 0. What is the remainder when 1332/51 + 15/(255/(-2)) is divided by l?
2
Suppose -3*u = 3*g - 66, 2*g + 111*u - 110*u = 44. Calculate the remainder when 75 is divided by g.
9
Let s(x) = -x**2 + 16*x - 27. Let u be s(16). Let p = u + 66. Calculate the remainder when p is divided by 14.
11
Suppose 2*s + 75 = -3*s. Let h = 19 + s. Suppose 36 = h*y - 52. What is the remainder when 85 is divided by y?
19
Let v(s) = 2*s**2 + s - 4. Let q be v(-2). Suppose 0 = j + 4*j + 5*b + 75, 30 = -q*j - 5*b. Let t = j - -33. What is the remainder when t is divided by 7?
4
Suppose 13 = -2*i - 5*n - 1, 4*i + 5*n = -8. Suppose -4*f - 19 = -2*q - 3*f, -27 = -3*q + i*f. Calculate the remainder when 18 is divided by q.
8
Let u(t) = t**3 - 16*t**2 + 21*t - 51. What is the remainder when u(15) is divided by 12?
3
Let g be 2 + (-1)/(-2 + 1). Let d = 40 + -37. Suppose -d*b - g = 0, -b = 4*a - a - 125. Calculate the remainder when a is divided by 15.
12
What is the remainder when 141 is divided by 10/(-2)*51/45*-9?
39
Let y = 17 + -8. Suppose 0 = -5*r + 26 + y. Calculate the remainder when 16 is divided by r.
2
Let z be 18/(-12) - 110/(-4). Suppose 5*v = 2*x - z, -4*v - v = x + 17. Calculate the remainder when 51 is divided by 26/((v - -3)/(-1)).
25
Let l(q) = -18*q**3 + 2*q. Let h = 11 + -13. Let g be l(h). Suppose 0 = j - 6*j - 5, -5*j - g = -5*s. What is the remainder when 52 is divided by s?
25
Let l = -10 + 335. Calculate the remainder when l is divided by 66.
61
Let f = 993 + -957. Calculate the remainder when 2049 is divided by f.
33
Let u be 13 - (3 + -4 - -2). Let s be (-15)/(u/8 + -3). Suppose -s = -2*m + 22. What is the remainder when m is divided by 5?
1
Suppose 0 = -2*q + 5*x - 21, 2*q + 4*x - 9 = -x. Let m = q - -5. Suppose -2*n + 3*h + 10 = 3, 2 = m*h. Calculate the remainder when n is divided by 4.
1
Calculate the remainder when 114 - (2/(-2) - -8) is divided by 33.
8
Suppose 0 = -5*g - 2*q + 136, 3*q - 106 = 96*g - 100*g. Suppose 4*t + 324 = 4*h, -11 - 151 = -2*h + 3*t. Calculate the remainder when h is divided by g.
25
Let n = -89 + 98. Let z(d) = 9*d + 4. What is the remainder when z(3) is divided by n?
4
Suppose 0 = 2*x - 7*x + 300. Let u = 17 + -6. What is the remainder when 1/(-4) - (-2475)/x is divided by u?
8
Suppose 0*n = -4*n + 5*r + 66, 3*r - 63 = -3*n. Let s(d) = d**2 + 7*d - 68. Calculate the remainder when n is divided by s(6).
9
Let s be ((-8)/(-10))/(2*4/(-40)). Calculate the remainder when 34 is divided by 22 + (s - 0)/1.
16
Suppose 4*p + 61 = 5*t, 7 + 30 = -3*p + 2*t. Let z = 2 - p. Calculate the remainder when 15 is divided by z.
4
Calculate the remainder when 130 + -11 - 1*-1 is divided by 360/150*60/8.
12
Let o(c) = -7*c**2 + 4*c + 8. Let j(x) = -x**2 + 1. Let b(f) = 6*j(f) - o(f). What is the remainder when b(5) is divided by 2?
1
Suppose 58*v - 61*v + 345 = 0. What is the remainder when v is divided by 3?
1
Let d(c) = -3*c + 4. Let m(f) = -f**2 + 4*f + 2. Let x be m(6). Calculate the remainder when d(x) is divided by 18.
16
Suppose -7*r + 210 = -21*r. Calculate the remainder when (-955)/r + -3 + 6/(-9) is divided by 15 + 1*1/1.
12
Let g(o) = -o + 9. Let i be g(11). Let s = 15 - i. What is the remainder when s is divided by 5?
2
Let m be 8/2 - -97*1. Suppose -4*x = -m - 51. Calculate the remainder whe